r + 180*l - 181*l - 206126. Is r prime?
False
Suppose -n + 5*t = 330, 8*n = 3*n + 2*t - 1673. Let v = 1753 + n. Is v a composite number?
True
Let m = 344428 + -192659. Is m a composite number?
False
Let q = -2187854 - -3267211. Is q prime?
True
Suppose -71 = -6*u + 31. Let p(i) = 23*i**2 - 15*i - 7. Is p(u) a prime number?
False
Let n be (46*-2)/(((-48)/9)/8). Suppose 10*j + n = 578. Suppose 0 = i + j - 155. Is i a prime number?
False
Let r be (7 - 1) + (10 - 10). Suppose -r*s = -45 - 699. Suppose 4*g - c + 2*c - 441 = 0, -g - 3*c + s = 0. Is g a prime number?
True
Let n(l) = -69*l - 7. Let c(a) = -2*a**2 - 11*a - 19. Let r be c(-5). Is n(r) a prime number?
False
Suppose -13*r + 696350 = -155969. Is r a composite number?
False
Let q = -48 - -50. Suppose 5*j = -a + 2234, -4*j - a + 1518 = -269. Suppose 0 = q*h - 3*h + j. Is h prime?
False
Let x = 17 - 17. Let h be x/(-3) + (-6 - -10). Suppose -3254 = -h*c + 918. Is c composite?
True
Suppose 4*v + 12004 = 4*m, -m + 9*v = 14*v - 3013. Let o = 1219 + m. Is o composite?
True
Let v(n) = n**3 + 4*n**2 + n + 19. Let l be v(-4). Suppose -l*j + 143390 = -69295. Is j a prime number?
False
Suppose 0 = 3*b - 5*b + 4*z + 8, 3*b + z = 5. Suppose -3*m - 3*t + 7386 = -6*t, -b*m - 2*t = -4944. Is m composite?
False
Suppose 3*d = 2*i + 5737, 1924 = -d + 2*d - 3*i. Suppose -d - 11075 = -12*w. Is w a prime number?
False
Suppose -p + 350*m = 348*m - 20565, 4*p - 82234 = -5*m. Is p composite?
True
Let v(k) be the first derivative of 1187*k**3/3 - 3*k**2/2 - 3*k - 1. Suppose 4*g + 159 - 307 = -156. Is v(g) a prime number?
True
Let u = 219 + -135. Suppose 0 = -2*h + 3*h - 2*v - 21, 4*h + 3*v - u = 0. Is 12/(-21) + 15657/h a prime number?
False
Let v(o) = -o**3 - 48*o + 466063. Is v(0) prime?
False
Let r be ((-21)/(-21))/(1/3 - 0). Suppose 5*w - 46950 = -r*l + w, 2*l - 5*w = 31323. Let a = l - 10153. Is a composite?
False
Suppose -4 + 52 = -3*h. Let j = h + 19. Suppose 3*t = j*o - 474, 2*t = 4*o - t - 631. Is o composite?
False
Let c(w) = -w - 18*w - 7*w + 25 + 4. Is c(-16) composite?
True
Let z(u) = -18032*u**3 + 12*u + 11. Let b be z(-1). Suppose 8*c - b = 7065. Is c composite?
False
Let z(h) = -786*h - 301. Is z(-65) composite?
False
Suppose 5*b + 1907 + 1709 = -4*y, y - 1449 = 2*b. Let r = b - -1086. Is r composite?
True
Is (2418515/(-33) + -3)*6/(-4) composite?
False
Let h = -8445 + 33578. Is h composite?
True
Let o = 1126 - 742. Is (-5 + o)/(7/35) a prime number?
False
Let g be (-824)/32*(-1)/(10/(-160)). Suppose 663 = -3*w + 6444. Let s = w - g. Is s a composite number?
False
Let l = 8 + -8. Suppose -5*x = -2*f - l*f - 1945, -4*x = 5*f - 1589. Is -5 + (-3)/(-1) - -1*x prime?
True
Let c(p) = 4 + 38*p + 47*p**2 + p**3 + 15 - 23*p + 19*p. Is c(-38) prime?
False
Let d(a) = a**2 - 10*a + 5434. Let c be d(0). Suppose 2*b + 8176 = 3*f, -2*f + 2*b = 4*b - c. Is f a composite number?
True
Let z(i) = -8*i**2 + i + 12. Let w be z(5). Let c = -246 + w. Let h = c - -2290. Is h prime?
True
Suppose 3*g + f - 525637 = 0, 15*f = g + 19*f - 175227. Is g a composite number?
False
Let m = 255 + -251. Suppose -6666 = -6*i + m*i - 2*b, b - 10007 = -3*i. Is i prime?
False
Suppose -3*j + 1386577 = -5*b, 343455 = -2*j + 4*b + 1267837. Is j a prime number?
True
Let p(g) = 612*g**3 + 7*g**2 - 7*g + 4. Let n be p(2). Let c = 8951 - n. Is c prime?
False
Let i = -30 + 10. Is (-6238)/(-4)*(i + 22) a composite number?
False
Suppose -2*l - 77 - 5 = 0. Let c = -41 - l. Suppose -5*x + 6010 + 2175 = c. Is x prime?
True
Let d = -222 + 222. Suppose d = -w - 417 + 5774. Is w prime?
False
Let n(x) = -2*x**2 - 516*x + x**2 + 512*x - 1. Let y be n(-1). Suppose -y*i + 11823 = i. Is i composite?
True
Let q(g) = -79574*g + 6. Let u be q(-2). Suppose u = 7*f + 44627. Is f a composite number?
False
Let z(q) = -428*q + 9. Let r(a) = -425*a + 7. Let p(k) = 4*r(k) - 5*z(k). Is p(9) prime?
True
Let q(y) = y**3 - 9*y**2 - 10*y + 2. Let f be q(10). Suppose a - 3*d - 24 = 2*d, -3*a + f*d = -7. Is 50/(-40)*212/a composite?
True
Let s = -94 - -98. Suppose -4*t - s*x + 24 = t, 2*t = -2*x + 10. Is 21645/165 + t/(-22) prime?
True
Let m = 921 + 3843. Is m/5 - -2 - 3/(-15) prime?
False
Is (780/72 - 8)/(14/758436) a composite number?
True
Let i(m) be the first derivative of -1387*m**2/2 + 31*m + 88. Is i(-6) composite?
False
Is (2763/(-4)*(-32)/48)/((-18)/(-7116)) prime?
False
Let r = -1799 + -1039. Let m = 5765 + r. Is m composite?
False
Let q(o) = -o**3 + 3*o**2 + 10*o + 2. Suppose -5*b - 3*h = -10, 15 = 2*b + 2*h - 3*h. Let j be q(b). Is (2/(-1))/(1/((-149)/j)) a composite number?
False
Let r(b) = -2*b**3 + 148*b**2 + 61*b + 184. Is r(71) prime?
False
Suppose 8*x - 252077 = -11365. Is x composite?
False
Let s(o) = -22*o**3 + 3*o**2 - o - 5. Suppose 6*m = 9*m + 9. Let b be m/(-3) - (-2 - -1 - -4). Is s(b) prime?
False
Suppose -5*q - 20 = 0, 5*h - 5*q - 47333 - 38657 = 0. Is h a composite number?
True
Let k be 4*(-10)/3*12774/16. Let v = -6084 - k. Is v a composite number?
False
Is (-162)/2511 - (-2754631)/31 prime?
False
Let l be 3221220/150 - (-2)/10. Let i = 41996 - l. Is i a prime number?
True
Suppose -2419 = 9*j + 83. Let f(l) = 27*l**3 - 2*l**2. Let u be f(-3). Let i = j - u. Is i composite?
True
Let a(x) = 300*x - 55. Let l be a(-12). Let p = -2294 - l. Is p a composite number?
False
Let h be 2/4*(-9 + 15). Suppose 2*v - 1643 = -t - 0*t, 2*t - h*v = 3265. Is t composite?
False
Let i(v) = 600*v**2 - 6*v - 37. Is i(-15) composite?
True
Suppose -6*a + 9 = -15*a. Is a*(2 - (11 - 4)*523) a prime number?
True
Let v = -14 - -3. Let b(m) = 6*m**2 + 6*m. Let n be b(v). Suppose -2*a = 5*x + 101 - 388, -5*a = x - n. Is a prime?
True
Let a(c) = 15*c - 20. Let x be a(8). Suppose 4*b = -j + x, 0 = 2*j + j - 4*b - 316. Let l = 282 - j. Is l prime?
False
Let t(s) = -1259*s**3 - s**2 + s + 2. Suppose 0 = 3*f + p, 2*f + 117 = -p + 118. Is t(f) composite?
False
Let p be 1/(-2) - (-26866)/4. Suppose -2*a + 5*r + 4712 = 2*r, 2*r = -2*a + 4692. Suppose -3*w = -a - p. Is w composite?
True
Suppose -24*h = 325344 - 1345464. Is h prime?
False
Let h(j) = j**2 + 16*j - 2. Let c be h(-16). Let w(o) be the first derivative of -372*o**2 - 11*o - 3. Is w(c) prime?
False
Let w be 156*(6/4)/(1/22). Let u = -3499 + w. Is u composite?
True
Suppose -4*y + p = -2713938, -4*y + 64*p - 61*p + 2713934 = 0. Is y a prime number?
False
Suppose -29526 = 3*q - 3*a, 0 = -2*q + 3*a + 4369 - 24052. Let v = 20948 + q. Is v a composite number?
True
Suppose -666*m + 714*m = 9813648. Is m a prime number?
False
Suppose -3*g - 59104 + 5095 = 0. Let r = g - -27494. Is r a composite number?
False
Let f(v) = v**3 - 21*v**2 + 21*v - 21. Let p(x) = x**3 - 22*x**2 + 21*x - 22. Let l(z) = 3*f(z) - 2*p(z). Suppose 12*s = 5*s + 126. Is l(s) composite?
True
Let w(b) be the first derivative of -3*b**2 - 9*b + 14. Let j(z) = 7*z + 9. Let n(d) = -4*j(d) - 3*w(d). Is n(-6) a prime number?
False
Let k(p) = -p**3 + 2*p**2 + 4*p - 1. Let z be k(3). Suppose 0 = -5*b + 10*b - 7865. Suppose -y + i = -3*i - b, -z*y = -i - 3125. Is y a composite number?
True
Let h = 753027 + -312830. Is h composite?
True
Let m = 84710 + -45029. Suppose 12*w - m = -16293. Is w a composite number?
False
Let s be (67 + -70)*((-4 - -2) + -1). Suppose s*c - 8*c + 142 = u, -c = -2*u + 287. Is u composite?
True
Suppose 9*h - 3*h + 3*h = 18. Let s = 3 + 2. Suppose h*y + y + 2874 = s*i, 0 = -4*i - 2*y + 2286. Is i prime?
False
Suppose -145006 = -0*f + f - 818293. Is f composite?
True
Suppose -5*y + 5995096 = 3*j, -5*y + 5995082 = 10*j - 9*j. Is y a prime number?
False
Suppose 0 = 4*f + 4*o - 108, -f + 31 = 2*o + 5. Suppose f*z - 297930 = 30*z. Is z/(-51) - (-4)/34 a composite number?
True
Let g(d) = 1457*d + 15. Let t be (-2)/(-7) + 0 + 84/49. Is g(t) a prime number?
False
Suppose 3*h - b + 4585 + 2584 = 0, 0 = -4*h - 4*b - 9580. Let m = 3807 + h. Is m/9 + (-18)/(-27) a composite number?
True
Suppose -c = 6*c + 21. Let b be c/(-12) - 2/((-8)/8887). Let o = b + -1311. Is o a prime number?
True
Let u = 1367703 - 786586. Is u prime?
False
Suppose 0 = -2*a - 4*b + 7890 - 2816, b + 2 = 0. Suppose -5*l = -4*i - a, 3*l = -l - 5*i + 2041. Let f = 856 - l. Is f a composite number?
False
Let x be 4 - 4*5/(-10)*-622. Let h = 11105 + x. Is h prime?
False
Let b be 1 + 2/(-2